{"id":328,"date":"2026-08-09T14:19:22","date_gmt":"2026-08-09T18:19:22","guid":{"rendered":"https:\/\/bibleacademy.africa\/?page_id=328"},"modified":"2026-08-09T14:54:47","modified_gmt":"2026-08-09T18:54:47","slug":"a-propos-de-nous","status":"publish","type":"page","link":"https:\/\/bibleacademy.africa\/?page_id=328","title":{"rendered":"\u00c0 propos de nous"},"content":{"rendered":"<div class=\"wp-block-image\">\n<figure class=\"aligncenter size-full is-resized\"><img loading=\"lazy\" decoding=\"async\" width=\"733\" height=\"960\" src=\"https:\/\/bibleacademy.africa\/wp-content\/uploads\/2026\/08\/Our-Lady-of-Grace.jpg\" alt=\"\" class=\"wp-image-102\" style=\"aspect-ratio:0.7676949225389259;width:264px;height:auto\" srcset=\"https:\/\/bibleacademy.africa\/wp-content\/uploads\/2026\/08\/Our-Lady-of-Grace.jpg 733w, https:\/\/bibleacademy.africa\/wp-content\/uploads\/2026\/08\/Our-Lady-of-Grace-229x300.jpg 229w\" sizes=\"auto, (max-width: 733px) 100vw, 733px\" \/><\/figure>\n<\/div>\n\n\n<p class=\"wp-block-paragraph\">Nous sommes ravis de vous accueillir au sein de notre communaut\u00e9, unie par la foi et inspir\u00e9e par le message du salut \u00e9ternel en J\u00e9sus-Christ. Vous trouverez ici une fraternit\u00e9 de croyants engag\u00e9s dans la croissance spirituelle, le soutien mutuel et le partage de l&#8217;amour et des enseignements du Christ avec le monde. Que vous recherchiez une relation plus profonde avec Dieu, une famille spirituelle chaleureuse ou que vous soyez simplement en qu\u00eate de sens dans votre cheminement chr\u00e9tien, vous \u00eates les bienvenus parmi nous.<\/p>\n\n\n\n<p class=\"wp-block-paragraph\"><strong>\u00abCe minist\u00e8re s\u2019enracine dans la tradition franciscaine catholique, tout en conservant une ouverture pastorale au service de tous\u00bb<\/strong>.<\/p>\n\n\n\n<hr class=\"wp-block-separator has-alpha-channel-opacity\"\/>\n\n\n<div class=\"wp-block-image\">\n<figure class=\"aligncenter size-full\"><img loading=\"lazy\" decoding=\"async\" width=\"284\" height=\"273\" src=\"https:\/\/bibleacademy.africa\/wp-content\/uploads\/2026\/08\/facebook-profile.jpg\" alt=\"\" class=\"wp-image-12\"\/><\/figure>\n<\/div>\n\n\n<p class=\"wp-block-paragraph\">Les Minist\u00e8res Eric Michel International est un apostolat franciscain catholique vou\u00e9 \u00e0&nbsp;:<\/p>\n\n\n\n<ul class=\"wp-block-list\">\n<li><a href=\"https:\/\/bibleacademy.africa\/?page_id=148\" data-type=\"page\" data-id=\"148\">La formation et le renouveau spirituels<\/a><\/li>\n\n\n\n<li>L&#8217;accompagnement pastoral et la vie sacramentelle<\/li>\n\n\n\n<li>L&#8217;\u00e9vang\u00e9lisation enracin\u00e9e dans la tradition<\/li>\n\n\n\n<li>La vie fraternelle dans l&#8217;esprit franciscain<\/li>\n<\/ul>\n\n\n\n<p class=\"wp-block-paragraph\">Guid\u00e9 par le charisme de simplicit\u00e9, d\u2019humilit\u00e9 et de charit\u00e9, ce minist\u00e8re cherche \u00e0 conduire les \u00e2mes \u00e0 une communion plus profonde avec le Christ et son \u00c9glise.<\/p>\n\n\n\n<hr class=\"wp-block-separator has-alpha-channel-opacity\"\/>\n\n\n\n<p class=\"wp-block-paragraph\"><strong><a href=\"https:\/\/bibleacademy.africa\/?page_id=91\" data-type=\"page\" data-id=\"91\">Un lieu de pri\u00e8re<\/a><\/strong><\/p>\n\n\n\n<p class=\"wp-block-paragraph\">Au c\u0153ur de ce minist\u00e8re se trouve une vie de pri\u00e8re virtuelle.<\/p>\n\n\n\n<hr class=\"wp-block-separator has-alpha-channel-opacity\"\/>\n\n\n<div class=\"wp-block-image\">\n<figure class=\"aligncenter size-full is-resized\"><img loading=\"lazy\" decoding=\"async\" width=\"489\" height=\"1010\" src=\"https:\/\/bibleacademy.africa\/wp-content\/uploads\/2026\/08\/Archbishop-waving4.jpg\" alt=\"\" class=\"wp-image-334\" style=\"aspect-ratio:0.49141870142105676;width:301px;height:auto\" srcset=\"https:\/\/bibleacademy.africa\/wp-content\/uploads\/2026\/08\/Archbishop-waving4.jpg 489w, https:\/\/bibleacademy.africa\/wp-content\/uploads\/2026\/08\/Archbishop-waving4-145x300.jpg 145w\" sizes=\"auto, (max-width: 489px) 100vw, 489px\" \/><\/figure>\n<\/div>\n\n\n<p class=\"wp-block-paragraph\">.<\/p>\n\n\n\n<p class=\"wp-block-paragraph\">\u2720 <strong>Je suis Fr\u00e8re \u00c9ric Miche<\/strong>l, fondateur et directeur des Minist\u00e8res Eric Michel International, une foi chr\u00e9tienne enracin\u00e9e dans la tradition catholique, moins fondamentaliste et plus ouverte aux diverses conceptions int\u00e9gr\u00e9es \u00e0 notre pratique religieuse quotidienne. C&#8217;est pourquoi nous sommes des chr\u00e9tiens catholiques. Nous fondons notre foi sur un Dieu unique et notre engagement porte davantage sur l&#8217;enseignement que sur les rituels. Nous combinons des syst\u00e8mes de croyances reconnaissant les similitudes entre le Bouddha et J\u00e9sus. Nous dirigeons notre \u00e9volution consciente vers le point om\u00e9ga par le Christ cosmique.<\/p>\n","protected":false},"excerpt":{"rendered":"<p>Nous sommes ravis de vous accueillir au sein de notre communaut\u00e9, unie par la foi et inspir\u00e9e par le message du salut \u00e9ternel en J\u00e9sus-Christ. Vous trouverez ici une fraternit\u00e9 de croyants engag\u00e9s dans la croissance spirituelle, le soutien mutuel &hellip; <a href=\"https:\/\/bibleacademy.africa\/?page_id=328\">Continue reading <span class=\"meta-nav\">&rarr;<\/span><\/a><\/p>\n","protected":false},"author":2,"featured_media":0,"parent":0,"menu_order":0,"comment_status":"closed","ping_status":"closed","template":"","meta":{"ngg_post_thumbnail":0,"footnotes":""},"class_list":["post-328","page","type-page","status-publish","hentry"],"jetpack_sharing_enabled":true,"_links":{"self":[{"href":"https:\/\/bibleacademy.africa\/index.php?rest_route=\/wp\/v2\/pages\/328","targetHints":{"allow":["GET"]}}],"collection":[{"href":"https:\/\/bibleacademy.africa\/index.php?rest_route=\/wp\/v2\/pages"}],"about":[{"href":"https:\/\/bibleacademy.africa\/index.php?rest_route=\/wp\/v2\/types\/page"}],"author":[{"embeddable":true,"href":"https:\/\/bibleacademy.africa\/index.php?rest_route=\/wp\/v2\/users\/2"}],"replies":[{"embeddable":true,"href":"https:\/\/bibleacademy.africa\/index.php?rest_route=%2Fwp%2Fv2%2Fcomments&post=328"}],"version-history":[{"count":3,"href":"https:\/\/bibleacademy.africa\/index.php?rest_route=\/wp\/v2\/pages\/328\/revisions"}],"predecessor-version":[{"id":335,"href":"https:\/\/bibleacademy.africa\/index.php?rest_route=\/wp\/v2\/pages\/328\/revisions\/335"}],"wp:attachment":[{"href":"https:\/\/bibleacademy.africa\/index.php?rest_route=%2Fwp%2Fv2%2Fmedia&parent=328"}],"curies":[{"name":"wp","href":"https:\/\/api.w.org\/{rel}","templated":true}]}}

À propos de nous

<div class="wp-block-image">
<figure class="aligncenter size-full is-resized"><img loading="lazy" decoding="async" width="733" height="960" src="https://bibleacademy.africa/wp-content/uploads/2026/08/Our-Lady-of-Grace.jpg" alt="" class="wp-image-102" style="aspect-ratio:0.7676949225389259;width:264px;height:auto" srcset="https://bibleacademy.africa/wp-content/uploads/2026/08/Our-Lady-of-Grace.jpg 733w, https://bibleacademy.africa/wp-content/uploads/2026/08/Our-Lady-of-Grace-229x300.jpg 229w" sizes="auto, (max-width: 733px) 100vw, 733px" /></figure>
</div>


<p class="wp-block-paragraph">Nous sommes ravis de vous accueillir au sein de notre communauté, unie par la foi et inspirée par le message du salut éternel en Jésus-Christ. Vous trouverez ici une fraternité de croyants engagés dans la croissance spirituelle, le soutien mutuel et le partage de l&#8217;amour et des enseignements du Christ avec le monde. Que vous recherchiez une relation plus profonde avec Dieu, une famille spirituelle chaleureuse ou que vous soyez simplement en quête de sens dans votre cheminement chrétien, vous êtes les bienvenus parmi nous.</p>



<p class="wp-block-paragraph"><strong>«Ce ministère s’enracine dans la tradition franciscaine catholique, tout en conservant une ouverture pastorale au service de tous»</strong>.</p>



<hr class="wp-block-separator has-alpha-channel-opacity"/>


<div class="wp-block-image">
<figure class="aligncenter size-full"><img loading="lazy" decoding="async" width="284" height="273" src="https://bibleacademy.africa/wp-content/uploads/2026/08/facebook-profile.jpg" alt="" class="wp-image-12"/></figure>
</div>


<p class="wp-block-paragraph">Les Ministères Eric Michel International est un apostolat franciscain catholique voué à&nbsp;:</p>



<ul class="wp-block-list">
<li><a href="https://bibleacademy.africa/?page_id=148" data-type="page" data-id="148">La formation et le renouveau spirituels</a></li>



<li>L&#8217;accompagnement pastoral et la vie sacramentelle</li>



<li>L&#8217;évangélisation enracinée dans la tradition</li>



<li>La vie fraternelle dans l&#8217;esprit franciscain</li>
</ul>



<p class="wp-block-paragraph">Guidé par le charisme de simplicité, d’humilité et de charité, ce ministère cherche à conduire les âmes à une communion plus profonde avec le Christ et son Église.</p>



<hr class="wp-block-separator has-alpha-channel-opacity"/>



<p class="wp-block-paragraph"><strong><a href="https://bibleacademy.africa/?page_id=91" data-type="page" data-id="91">Un lieu de prière</a></strong></p>



<p class="wp-block-paragraph">Au cœur de ce ministère se trouve une vie de prière virtuelle.</p>



<hr class="wp-block-separator has-alpha-channel-opacity"/>


<div class="wp-block-image">
<figure class="aligncenter size-full is-resized"><img loading="lazy" decoding="async" width="489" height="1010" src="https://bibleacademy.africa/wp-content/uploads/2026/08/Archbishop-waving4.jpg" alt="" class="wp-image-334" style="aspect-ratio:0.49141870142105676;width:301px;height:auto" srcset="https://bibleacademy.africa/wp-content/uploads/2026/08/Archbishop-waving4.jpg 489w, https://bibleacademy.africa/wp-content/uploads/2026/08/Archbishop-waving4-145x300.jpg 145w" sizes="auto, (max-width: 489px) 100vw, 489px" /></figure>
</div>


<p class="wp-block-paragraph">.</p>



<p class="wp-block-paragraph">✠ <strong>Je suis Frère Éric Miche</strong>l, fondateur et directeur des Ministères Eric Michel International, une foi chrétienne enracinée dans la tradition catholique, moins fondamentaliste et plus ouverte aux diverses conceptions intégrées à notre pratique religieuse quotidienne. C&#8217;est pourquoi nous sommes des chrétiens catholiques. Nous fondons notre foi sur un Dieu unique et notre engagement porte davantage sur l&#8217;enseignement que sur les rituels. Nous combinons des systèmes de croyances reconnaissant les similitudes entre le Bouddha et Jésus. Nous dirigeons notre évolution consciente vers le point oméga par le Christ cosmique.</p>

<p>Nous sommes ravis de vous accueillir au sein de notre communauté, unie par la foi et inspirée par le message du salut éternel en Jésus-Christ. Vous trouverez ici une fraternité de croyants engagés dans la croissance spirituelle, le soutien mutuel &hellip; <a href="https://bibleacademy.africa/?page_id=328">Continue reading <span class="meta-nav">&rarr;</span></a></p>
